remainder when 458 is divided by 46?
44
What is the remainder when 470 is divided by 148?
26
What is the remainder when 1225 is divided by 84?
49
What is the remainder when 1394 is divided by 24?
2
What is the remainder when 74 is divided by 27?
20
What is the remainder when 739 is divided by 14?
11
Calculate the remainder when 4265 is divided by 22.
19
What is the remainder when 1012 is divided by 70?
32
Calculate the remainder when 2788 is divided by 400.
388
What is the remainder when 215 is divided by 30?
5
Calculate the remainder when 1059 is divided by 53.
52
What is the remainder when 93 is divided by 33?
27
What is the remainder when 355 is divided by 119?
117
What is the remainder when 383 is divided by 87?
35
Calculate the remainder when 1166 is divided by 16.
14
Calculate the remainder when 3998 is divided by 333.
2
What is the remainder when 421 is divided by 75?
46
Calculate the remainder when 1779 is divided by 33.
30
Calculate the remainder when 1601 is divided by 15.
11
What is the remainder when 42 is divided by 15?
12
What is the remainder when 67829 is divided by 170?
169
Calculate the remainder when 1989 is divided by 83.
80
Calculate the remainder when 1420 is divided by 57.
52
What is the remainder when 169 is divided by 44?
37
Calculate the remainder when 1455 is divided by 131.
14
Calculate the remainder when 1973 is divided by 290.
233
What is the remainder when 128 is divided by 65?
63
Calculate the remainder when 434 is divided by 73.
69
What is the remainder when 1139 is divided by 15?
14
What is the remainder when 1244 is divided by 52?
48
Calculate the remainder when 1239 is divided by 40.
39
Calculate the remainder when 27 is divided by 2.
1
Calculate the remainder when 15138 is divided by 103.
100
What is the remainder when 309 is divided by 99?
12
What is the remainder when 40 is divided by 17?
6
Calculate the remainder when 404 is divided by 130.
14
Calculate the remainder when 86 is divided by 45.
41
What is the remainder when 2263 is divided by 27?
22
Calculate the remainder when 1230 is divided by 359.
153
Calculate the remainder when 1863 is divided by 67.
54
Calculate the remainder when 658 is divided by 192.
82
What is the remainder when 81 is divided by 31?
19
What is the remainder when 74 is divided by 57?
17
What is the remainder when 902 is divided by 113?
111
What is the remainder when 541 is divided by 149?
94
What is the remainder when 326 is divided by 7?
4
What is the remainder when 44 is divided by 39?
5
Calculate the remainder when 712 is divided by 45.
37
What is the remainder when 611 is divided by 94?
47
Calculate the remainder when 225 is divided by 222.
3
What is the remainder when 196 is divided by 26?
14
Calculate the remainder when 391 is divided by 49.
48
What is the remainder when 744 is divided by 8?
0
Calculate the remainder when 2672 is divided by 1333.
6
What is the remainder when 70 is divided by 37?
33
Calculate the remainder when 47852 is divided by 71.
69
What is the remainder when 130 is divided by 41?
7
What is the remainder when 50159 is divided by 330?
329
What is the remainder when 1852 is divided by 23?
12
What is the remainder when 130 is divided by 67?
63
What is the remainder when 310 is divided by 79?
73
What is the remainder when 107 is divided by 24?
11
What is the remainder when 19 is divided by 5?
4
What is the remainder when 1087 is divided by 158?
139
What is the remainder when 333 is divided by 14?
11
Calculate the remainder when 461 is divided by 66.
65
Calculate the remainder when 21315 is divided by 33.
30
Calculate the remainder when 575 is divided by 208.
159
Calculate the remainder when 414 is divided by 52.
50
Calculate the remainder when 53453 is divided by 13.
10
What is the remainder when 3076 is divided by 79?
74
What is the remainder when 6802 is divided by 14?
12
Calculate the remainder when 125 is divided by 64.
61
What is the remainder when 531 is divided by 123?
39
What is the remainder when 884 is divided by 177?
176
Calculate the remainder when 412 is divided by 85.
72
Calculate the remainder when 1978 is divided by 90.
88
What is the remainder when 909 is divided by 13?
12
Calculate the remainder when 6003 is divided by 14.
11
Calculate the remainder when 222 is divided by 4.
2
Calculate the remainder when 2131 is divided by 89.
84
Calculate the remainder when 107 is divided by 19.
12
Calculate the remainder when 82710 is divided by 14.
12
What is the remainder when 260 is divided by 78?
26
What is the remainder when 639 is divided by 32?
31
What is the remainder when 164 is divided by 89?
75
What is the remainder when 6169 is divided by 187?
185
Calculate the remainder when 59 is divided by 29.
1
Calculate the remainder when 20404 is divided by 38.
36
What is the remainder when 111 is divided by 111?
0
Calculate the remainder when 250 is divided by 80.
10
Calculate the remainder when 758 is divided by 408.
350
What is the remainder when 570 is divided by 173?
51
What is the remainder when 81597 is divided by 16?
13
Calculate the remainder when 1540 is divided by 191.
12
What is the remainder when 72 is divided by 10?
2
Calculate the remainder when 651 is divided by 602.
49
What is the remainder when 60 is divided by 16?
12
Calculate the remainder when 349 is divided by 88.
85
What is the remainder when 799 is divided by 791?
8
What is the remainder when 590 is divided by 99?
95
Calculate the remainder when 796 is divided by 6.
4
Calculate the remainder when 174 is divided by 44.
42
Calculate the remainder when 787 is divided by 22.
17
What is the remainder when 682 is divided by 136?
2
Calculate the remainder when 370 is divided by 177.
16
Calculate the remainder when 527 is divided by 66.
65
What is the remainder when 2625 is divided by 37?
35
Calculate the remainder when 880 is divided by 99.
88
Calculate the remainder when 170 is divided by 16.
10
Calculate the remainder when 176 is divided by 60.
56
Calculate the remainder when 2572 is divided by 13.
11
What is the remainder when 263 is divided by 14?
11
Calculate the remainder when 241 is divided by 19.
13
Calculate the remainder when 9911 is divided by 23.
21
Calculate the remainder when 14659 is divided by 11.
7
Calculate the remainder when 987 is divided by 30.
27
What is the remainder when 1017 is divided by 254?
1
What is the remainder when 340 is divided by 58?
50
Calculate the remainder when 34 is divided by 23.
11
What is the remainder when 1749 is divided by 13?
7
Calculate the remainder when 5822 is divided by 201.
194
Calculate the remainder when 213 is divided by 20.
13
Calculate the remainder when 85 is divided by 29.
27
What is the remainder when 11 is divided by 4?
3
Calculate the remainder when 863 is divided by 424.
15
What is the remainder when 217 is divided by 28?
21
What is the remainder when 1289 is divided by 643?
3
What is the remainder when 437 is divided by 26?
21
What is the remainder when 333 is divided by 68?
61
Calculate the remainder when 3363 is divided by 670.
13
Calculate the remainder when 2657 is divided by 28.
25
Calculate the remainder when 489 is divided by 98.
97
What is the remainder when 697 is divided by 10?
7
Calculate the remainder when 21 is divided by 5.
1
Calculate the remainder when 546 is divided by 543.
3
What is the remainder when 2768 is divided by 888?
104
What is the remainder when 613 is divided by 69?
61
Calculate the remainder when 1467 is divided by 39.
24
What is the remainder when 156 is divided by 18?
12
Calculate the remainder when 523 is divided by 12.
7
Calculate the remainder when 123 is divided by 14.
11
What is the remainder when 120 is divided by 21?
15
What is the remainder when 1253 is divided by 544?
165
Calculate the remainder when 6220 is divided by 17.
15
Calculate the remainder when 655 is divided by 219.
217
What is the remainder when 4734 is divided by 103?
99
What is the remainder when 5434 is divided by 85?
79
What is the remainder when 346 is divided by 72?
58
What is the remainder when 41 is divided by 19?
3
Calculate the remainder when 128 is divided by 43.
42
Calculate the remainder when 12239 is divided by 90.
89
Calculate the remainder when 136 is divided by 47.
42
What is the remainder when 47 